{"id":9460,"date":"2026-09-03T14:05:45","date_gmt":"2026-09-03T12:05:45","guid":{"rendered":"https:\/\/affinity-ts.com\/?post_type=naujienos&#038;p=9460"},"modified":"2026-09-04T14:19:16","modified_gmt":"2026-09-04T12:19:16","slug":"reducere-temporara-de-223-la-taxa-de-drum-din-olanda","status":"publish","type":"naujienos","link":"https:\/\/affinity-ts.com\/ro\/news\/reducere-temporara-de-223-la-taxa-de-drum-din-olanda\/","title":{"rendered":"Reducere temporar\u0103 de 22,3% la taxa de drum din Olanda"},"content":{"rendered":"<figure class=\"wp-block-image size-large is-resized\"><img fetchpriority=\"high\" decoding=\"async\" width=\"1024\" height=\"684\" src=\"https:\/\/affinity-ts.com\/wp-content\/uploads\/Affinity-TS_taxvv-1024x684.png\" alt=\"\" class=\"wp-image-9208\" style=\"aspect-ratio:1.4971215790195094;width:786px;height:auto\" srcset=\"https:\/\/affinity-ts.com\/wp-content\/uploads\/Affinity-TS_taxvv-1024x684.png 1024w, https:\/\/affinity-ts.com\/wp-content\/uploads\/Affinity-TS_taxvv-300x200.png 300w, https:\/\/affinity-ts.com\/wp-content\/uploads\/Affinity-TS_taxvv-768x513.png 768w, https:\/\/affinity-ts.com\/wp-content\/uploads\/Affinity-TS_taxvv-18x12.png 18w, https:\/\/affinity-ts.com\/wp-content\/uploads\/Affinity-TS_taxvv.png 1200w\" sizes=\"(max-width: 1024px) 100vw, 1024px\" \/><\/figure>\n\n\n\n<p class=\"wp-block-paragraph\">V\u0103 inform\u0103m c\u0103, \u00een perioada&nbsp;<strong>01.09.2026 \u2013 01.01.2027<\/strong>, beneficia\u021bi de o&nbsp;<strong>reducere temporar\u0103 de 22,3%<\/strong>&nbsp;la noua tax\u0103 de drum pentru camioane din Olanda.&nbsp;<strong>(Reducerea se aplic\u0103 automat)<\/strong><\/p>\n\n\n\n<p class=\"wp-block-paragraph\">Reducerea este acordat\u0103 de autoritatea olandez\u0103 RDW, \u00een contextul pre\u021burilor ridicate la combustibil.<\/p>\n\n\n\n<p class=\"wp-block-paragraph\">Pentru tarifele actuale, pute\u021bi consulta pagina oficial\u0103 a sistemului&nbsp;<strong><a href=\"https:\/\/www.vrachtwagenheffing.nl\/en\/you-will-pay-this-amount\" target=\"_blank\" rel=\"noreferrer noopener\">Truck Toll.<\/a><\/strong><\/p>","protected":false},"excerpt":{"rendered":"<p>V\u0103 inform\u0103m c\u0103, \u00een perioada&nbsp;01.09.2026 \u2013 01.01.2027, beneficia\u021bi de o&nbsp;reducere temporar\u0103 de 22,3%&nbsp;la noua tax\u0103 de drum pentru camioane din Olanda.&nbsp;(Reducerea se aplic\u0103 automat) Reducerea este acordat\u0103 de autoritatea olandez\u0103 RDW, \u00een contextul pre\u021burilor ridicate la combustibil. Pentru tarifele actuale, pute\u021bi consulta pagina oficial\u0103 a sistemului&nbsp;Truck Toll.<\/p>","protected":false},"featured_media":9208,"template":"","class_list":["post-9460","naujienos","type-naujienos","status-publish","has-post-thumbnail","hentry"],"blocksy_meta":[],"yoast_head":"<!-- This site is optimized with the Yoast SEO plugin v28.1 - https:\/\/yoast.com\/product\/yoast-seo-wordpress\/ -->\n<title>Reducere temporar\u0103 de 22,3% la taxa de drum din Olanda - Affinity<\/title>\n<meta name=\"robots\" content=\"index, follow, max-snippet:-1, max-image-preview:large, max-video-preview:-1\" \/>\n<link rel=\"canonical\" href=\"https:\/\/affinity-ts.com\/ro\/news\/reducere-temporara-de-223-la-taxa-de-drum-din-olanda\/\" \/>\n<meta property=\"og:locale\" content=\"ro_RO\" \/>\n<meta property=\"og:type\" content=\"article\" \/>\n<meta property=\"og:title\" content=\"Reducere temporar\u0103 de 22,3% la taxa de drum din Olanda - Affinity\" \/>\n<meta property=\"og:description\" content=\"V\u0103 inform\u0103m c\u0103, \u00een perioada&nbsp;01.09.2026 \u2013 01.01.2027, beneficia\u021bi de o&nbsp;reducere temporar\u0103 de 22,3%&nbsp;la noua tax\u0103 de drum pentru camioane din Olanda.&nbsp;(Reducerea se aplic\u0103 automat) Reducerea este acordat\u0103 de autoritatea olandez\u0103 RDW, \u00een contextul pre\u021burilor ridicate la combustibil. Pentru tarifele actuale, pute\u021bi consulta pagina oficial\u0103 a sistemului&nbsp;Truck Toll.\" \/>\n<meta property=\"og:url\" content=\"https:\/\/affinity-ts.com\/ro\/news\/reducere-temporara-de-223-la-taxa-de-drum-din-olanda\/\" \/>\n<meta property=\"og:site_name\" content=\"Affinity\" \/>\n<meta property=\"article:modified_time\" content=\"2026-09-04T12:19:16+00:00\" \/>\n<meta property=\"og:image\" content=\"https:\/\/affinity-ts.com\/wp-content\/uploads\/Affinity-TS_taxvv.png\" \/>\n\t<meta property=\"og:image:width\" content=\"1200\" \/>\n\t<meta property=\"og:image:height\" content=\"801\" \/>\n\t<meta property=\"og:image:type\" content=\"image\/png\" \/>\n<meta name=\"twitter:card\" content=\"summary_large_image\" \/>\n<meta name=\"twitter:label1\" content=\"Timp estimat pentru citire\" \/>\n\t<meta name=\"twitter:data1\" content=\"1 minut\" \/>\n<script type=\"application\/ld+json\" class=\"yoast-schema-graph\">{\"@context\":\"https:\\\/\\\/schema.org\",\"@graph\":[{\"@type\":\"WebPage\",\"@id\":\"https:\\\/\\\/affinity-ts.com\\\/news\\\/reducere-temporara-de-223-la-taxa-de-drum-din-olanda\\\/\",\"url\":\"https:\\\/\\\/affinity-ts.com\\\/news\\\/reducere-temporara-de-223-la-taxa-de-drum-din-olanda\\\/\",\"name\":\"Reducere temporar\u0103 de 22,3% la taxa de drum din Olanda - Affinity\",\"isPartOf\":{\"@id\":\"https:\\\/\\\/affinity-ts.com\\\/ro\\\/#website\"},\"primaryImageOfPage\":{\"@id\":\"https:\\\/\\\/affinity-ts.com\\\/news\\\/reducere-temporara-de-223-la-taxa-de-drum-din-olanda\\\/#primaryimage\"},\"image\":{\"@id\":\"https:\\\/\\\/affinity-ts.com\\\/news\\\/reducere-temporara-de-223-la-taxa-de-drum-din-olanda\\\/#primaryimage\"},\"thumbnailUrl\":\"https:\\\/\\\/affinity-ts.com\\\/wp-content\\\/uploads\\\/Affinity-TS_taxvv.png\",\"datePublished\":\"2026-09-03T12:05:45+00:00\",\"dateModified\":\"2026-09-04T12:19:16+00:00\",\"breadcrumb\":{\"@id\":\"https:\\\/\\\/affinity-ts.com\\\/news\\\/reducere-temporara-de-223-la-taxa-de-drum-din-olanda\\\/#breadcrumb\"},\"inLanguage\":\"ro-RO\",\"potentialAction\":[{\"@type\":\"ReadAction\",\"target\":[\"https:\\\/\\\/affinity-ts.com\\\/news\\\/reducere-temporara-de-223-la-taxa-de-drum-din-olanda\\\/\"]}]},{\"@type\":\"ImageObject\",\"inLanguage\":\"ro-RO\",\"@id\":\"https:\\\/\\\/affinity-ts.com\\\/news\\\/reducere-temporara-de-223-la-taxa-de-drum-din-olanda\\\/#primaryimage\",\"url\":\"https:\\\/\\\/affinity-ts.com\\\/wp-content\\\/uploads\\\/Affinity-TS_taxvv.png\",\"contentUrl\":\"https:\\\/\\\/affinity-ts.com\\\/wp-content\\\/uploads\\\/Affinity-TS_taxvv.png\",\"width\":1200,\"height\":801},{\"@type\":\"BreadcrumbList\",\"@id\":\"https:\\\/\\\/affinity-ts.com\\\/news\\\/reducere-temporara-de-223-la-taxa-de-drum-din-olanda\\\/#breadcrumb\",\"itemListElement\":[{\"@type\":\"ListItem\",\"position\":1,\"name\":\"Home\",\"item\":\"https:\\\/\\\/affinity-ts.com\\\/\"},{\"@type\":\"ListItem\",\"position\":2,\"name\":\"News\",\"item\":\"https:\\\/\\\/affinity-ts.com\\\/news\\\/\"},{\"@type\":\"ListItem\",\"position\":3,\"name\":\"Reducere temporar\u0103 de 22,3% la taxa de drum din Olanda\"}]},{\"@type\":\"WebSite\",\"@id\":\"https:\\\/\\\/affinity-ts.com\\\/ro\\\/#website\",\"url\":\"https:\\\/\\\/affinity-ts.com\\\/ro\\\/\",\"name\":\"Affinity\",\"description\":\"International freight forwarding company\",\"publisher\":{\"@id\":\"https:\\\/\\\/affinity-ts.com\\\/ro\\\/#organization\"},\"potentialAction\":[{\"@type\":\"SearchAction\",\"target\":{\"@type\":\"EntryPoint\",\"urlTemplate\":\"https:\\\/\\\/affinity-ts.com\\\/ro\\\/?s={search_term_string}\"},\"query-input\":{\"@type\":\"PropertyValueSpecification\",\"valueRequired\":true,\"valueName\":\"search_term_string\"}}],\"inLanguage\":\"ro-RO\"},{\"@type\":\"Organization\",\"@id\":\"https:\\\/\\\/affinity-ts.com\\\/ro\\\/#organization\",\"name\":\"Affinity\",\"url\":\"https:\\\/\\\/affinity-ts.com\\\/ro\\\/\",\"logo\":{\"@type\":\"ImageObject\",\"inLanguage\":\"ro-RO\",\"@id\":\"https:\\\/\\\/affinity-ts.com\\\/ro\\\/#\\\/schema\\\/logo\\\/image\\\/\",\"url\":\"https:\\\/\\\/affinity-ts.com\\\/wp-content\\\/uploads\\\/logo-affinity-white.png\",\"contentUrl\":\"https:\\\/\\\/affinity-ts.com\\\/wp-content\\\/uploads\\\/logo-affinity-white.png\",\"width\":526,\"height\":180,\"caption\":\"Affinity\"},\"image\":{\"@id\":\"https:\\\/\\\/affinity-ts.com\\\/ro\\\/#\\\/schema\\\/logo\\\/image\\\/\"}}]}<\/script>\n<!-- \/ Yoast SEO plugin. -->","yoast_head_json":{"title":"Reducere temporar\u0103 de 22,3% la taxa de drum din Olanda - Affinity","robots":{"index":"index","follow":"follow","max-snippet":"max-snippet:-1","max-image-preview":"max-image-preview:large","max-video-preview":"max-video-preview:-1"},"canonical":"https:\/\/affinity-ts.com\/ro\/news\/reducere-temporara-de-223-la-taxa-de-drum-din-olanda\/","og_locale":"ro_RO","og_type":"article","og_title":"Reducere temporar\u0103 de 22,3% la taxa de drum din Olanda - Affinity","og_description":"V\u0103 inform\u0103m c\u0103, \u00een perioada&nbsp;01.09.2026 \u2013 01.01.2027, beneficia\u021bi de o&nbsp;reducere temporar\u0103 de 22,3%&nbsp;la noua tax\u0103 de drum pentru camioane din Olanda.&nbsp;(Reducerea se aplic\u0103 automat) Reducerea este acordat\u0103 de autoritatea olandez\u0103 RDW, \u00een contextul pre\u021burilor ridicate la combustibil. Pentru tarifele actuale, pute\u021bi consulta pagina oficial\u0103 a sistemului&nbsp;Truck Toll.","og_url":"https:\/\/affinity-ts.com\/ro\/news\/reducere-temporara-de-223-la-taxa-de-drum-din-olanda\/","og_site_name":"Affinity","article_modified_time":"2026-09-04T12:19:16+00:00","og_image":[{"width":1200,"height":801,"url":"https:\/\/affinity-ts.com\/wp-content\/uploads\/Affinity-TS_taxvv.png","type":"image\/png"}],"twitter_card":"summary_large_image","twitter_misc":{"Timp estimat pentru citire":"1 minut"},"schema":{"@context":"https:\/\/schema.org","@graph":[{"@type":"WebPage","@id":"https:\/\/affinity-ts.com\/news\/reducere-temporara-de-223-la-taxa-de-drum-din-olanda\/","url":"https:\/\/affinity-ts.com\/news\/reducere-temporara-de-223-la-taxa-de-drum-din-olanda\/","name":"Reducere temporar\u0103 de 22,3% la taxa de drum din Olanda - Affinity","isPartOf":{"@id":"https:\/\/affinity-ts.com\/ro\/#website"},"primaryImageOfPage":{"@id":"https:\/\/affinity-ts.com\/news\/reducere-temporara-de-223-la-taxa-de-drum-din-olanda\/#primaryimage"},"image":{"@id":"https:\/\/affinity-ts.com\/news\/reducere-temporara-de-223-la-taxa-de-drum-din-olanda\/#primaryimage"},"thumbnailUrl":"https:\/\/affinity-ts.com\/wp-content\/uploads\/Affinity-TS_taxvv.png","datePublished":"2026-09-03T12:05:45+00:00","dateModified":"2026-09-04T12:19:16+00:00","breadcrumb":{"@id":"https:\/\/affinity-ts.com\/news\/reducere-temporara-de-223-la-taxa-de-drum-din-olanda\/#breadcrumb"},"inLanguage":"ro-RO","potentialAction":[{"@type":"ReadAction","target":["https:\/\/affinity-ts.com\/news\/reducere-temporara-de-223-la-taxa-de-drum-din-olanda\/"]}]},{"@type":"ImageObject","inLanguage":"ro-RO","@id":"https:\/\/affinity-ts.com\/news\/reducere-temporara-de-223-la-taxa-de-drum-din-olanda\/#primaryimage","url":"https:\/\/affinity-ts.com\/wp-content\/uploads\/Affinity-TS_taxvv.png","contentUrl":"https:\/\/affinity-ts.com\/wp-content\/uploads\/Affinity-TS_taxvv.png","width":1200,"height":801},{"@type":"BreadcrumbList","@id":"https:\/\/affinity-ts.com\/news\/reducere-temporara-de-223-la-taxa-de-drum-din-olanda\/#breadcrumb","itemListElement":[{"@type":"ListItem","position":1,"name":"Home","item":"https:\/\/affinity-ts.com\/"},{"@type":"ListItem","position":2,"name":"News","item":"https:\/\/affinity-ts.com\/news\/"},{"@type":"ListItem","position":3,"name":"Reducere temporar\u0103 de 22,3% la taxa de drum din Olanda"}]},{"@type":"WebSite","@id":"https:\/\/affinity-ts.com\/ro\/#website","url":"https:\/\/affinity-ts.com\/ro\/","name":"Afinitate","description":"International freight forwarding company","publisher":{"@id":"https:\/\/affinity-ts.com\/ro\/#organization"},"potentialAction":[{"@type":"SearchAction","target":{"@type":"EntryPoint","urlTemplate":"https:\/\/affinity-ts.com\/ro\/?s={search_term_string}"},"query-input":{"@type":"PropertyValueSpecification","valueRequired":true,"valueName":"search_term_string"}}],"inLanguage":"ro-RO"},{"@type":"Organization","@id":"https:\/\/affinity-ts.com\/ro\/#organization","name":"Afinitate","url":"https:\/\/affinity-ts.com\/ro\/","logo":{"@type":"ImageObject","inLanguage":"ro-RO","@id":"https:\/\/affinity-ts.com\/ro\/#\/schema\/logo\/image\/","url":"https:\/\/affinity-ts.com\/wp-content\/uploads\/logo-affinity-white.png","contentUrl":"https:\/\/affinity-ts.com\/wp-content\/uploads\/logo-affinity-white.png","width":526,"height":180,"caption":"Affinity"},"image":{"@id":"https:\/\/affinity-ts.com\/ro\/#\/schema\/logo\/image\/"}}]}},"_links":{"self":[{"href":"https:\/\/affinity-ts.com\/ro\/wp-json\/wp\/v2\/naujienos\/9460","targetHints":{"allow":["GET"]}}],"collection":[{"href":"https:\/\/affinity-ts.com\/ro\/wp-json\/wp\/v2\/naujienos"}],"about":[{"href":"https:\/\/affinity-ts.com\/ro\/wp-json\/wp\/v2\/types\/naujienos"}],"wp:featuredmedia":[{"embeddable":true,"href":"https:\/\/affinity-ts.com\/ro\/wp-json\/wp\/v2\/media\/9208"}],"wp:attachment":[{"href":"https:\/\/affinity-ts.com\/ro\/wp-json\/wp\/v2\/media?parent=9460"}],"curies":[{"name":"wp","href":"https:\/\/api.w.org\/{rel}","templated":true}]}}

Reducere temporară de 22,3% la taxa de drum din Olanda

<figure class="wp-block-image size-large is-resized"><img fetchpriority="high" decoding="async" width="1024" height="684" src="https://affinity-ts.com/wp-content/uploads/Affinity-TS_taxvv-1024x684.png" alt="" class="wp-image-9208" style="aspect-ratio:1.4971215790195094;width:786px;height:auto" srcset="https://affinity-ts.com/wp-content/uploads/Affinity-TS_taxvv-1024x684.png 1024w, https://affinity-ts.com/wp-content/uploads/Affinity-TS_taxvv-300x200.png 300w, https://affinity-ts.com/wp-content/uploads/Affinity-TS_taxvv-768x513.png 768w, https://affinity-ts.com/wp-content/uploads/Affinity-TS_taxvv-18x12.png 18w, https://affinity-ts.com/wp-content/uploads/Affinity-TS_taxvv.png 1200w" sizes="(max-width: 1024px) 100vw, 1024px" /></figure>



<p class="wp-block-paragraph">Vă informăm că, în perioada&nbsp;<strong>01.09.2026 – 01.01.2027</strong>, beneficiați de o&nbsp;<strong>reducere temporară de 22,3%</strong>&nbsp;la noua taxă de drum pentru camioane din Olanda.&nbsp;<strong>(Reducerea se aplică automat)</strong></p>



<p class="wp-block-paragraph">Reducerea este acordată de autoritatea olandeză RDW, în contextul prețurilor ridicate la combustibil.</p>



<p class="wp-block-paragraph">Pentru tarifele actuale, puteți consulta pagina oficială a sistemului&nbsp;<strong><a href="https://www.vrachtwagenheffing.nl/en/you-will-pay-this-amount" target="_blank" rel="noreferrer noopener">Truck Toll.</a></strong></p>

<p>Vă informăm că, în perioada&nbsp;01.09.2026 – 01.01.2027, beneficiați de o&nbsp;reducere temporară de 22,3%&nbsp;la noua taxă de drum pentru camioane din Olanda.&nbsp;(Reducerea se aplică automat) Reducerea este acordată de autoritatea olandeză RDW, în contextul prețurilor ridicate la combustibil. Pentru tarifele actuale, puteți consulta pagina oficială a sistemului&nbsp;Truck Toll.</p>

<!-- This site is optimized with the Yoast SEO plugin v28.1 - https://yoast.com/product/yoast-seo-wordpress/ -->
<title>Reducere temporară de 22,3% la taxa de drum din Olanda - Affinity</title>
<meta name="robots" content="index, follow, max-snippet:-1, max-image-preview:large, max-video-preview:-1" />
<link rel="canonical" href="https://affinity-ts.com/ro/news/reducere-temporara-de-223-la-taxa-de-drum-din-olanda/" />
<meta property="og:locale" content="ro_RO" />
<meta property="og:type" content="article" />
<meta property="og:title" content="Reducere temporară de 22,3% la taxa de drum din Olanda - Affinity" />
<meta property="og:description" content="Vă informăm că, în perioada&nbsp;01.09.2026 – 01.01.2027, beneficiați de o&nbsp;reducere temporară de 22,3%&nbsp;la noua taxă de drum pentru camioane din Olanda.&nbsp;(Reducerea se aplică automat) Reducerea este acordată de autoritatea olandeză RDW, în contextul prețurilor ridicate la combustibil. Pentru tarifele actuale, puteți consulta pagina oficială a sistemului&nbsp;Truck Toll." />
<meta property="og:url" content="https://affinity-ts.com/ro/news/reducere-temporara-de-223-la-taxa-de-drum-din-olanda/" />
<meta property="og:site_name" content="Affinity" />
<meta property="article:modified_time" content="2026-09-04T12:19:16+00:00" />
<meta property="og:image" content="https://affinity-ts.com/wp-content/uploads/Affinity-TS_taxvv.png" />
	<meta property="og:image:width" content="1200" />
	<meta property="og:image:height" content="801" />
	<meta property="og:image:type" content="image/png" />
<meta name="twitter:card" content="summary_large_image" />
<meta name="twitter:label1" content="Timp estimat pentru citire" />
	<meta name="twitter:data1" content="1 minut" />
<script type="application/ld+json" class="yoast-schema-graph">{"@context":"https:\/\/schema.org","@graph":[{"@type":"WebPage","@id":"https:\/\/affinity-ts.com\/news\/reducere-temporara-de-223-la-taxa-de-drum-din-olanda\/","url":"https:\/\/affinity-ts.com\/news\/reducere-temporara-de-223-la-taxa-de-drum-din-olanda\/","name":"Reducere temporară de 22,3% la taxa de drum din Olanda - Affinity","isPartOf":{"@id":"https:\/\/affinity-ts.com\/ro\/#website"},"primaryImageOfPage":{"@id":"https:\/\/affinity-ts.com\/news\/reducere-temporara-de-223-la-taxa-de-drum-din-olanda\/#primaryimage"},"image":{"@id":"https:\/\/affinity-ts.com\/news\/reducere-temporara-de-223-la-taxa-de-drum-din-olanda\/#primaryimage"},"thumbnailUrl":"https:\/\/affinity-ts.com\/wp-content\/uploads\/Affinity-TS_taxvv.png","datePublished":"2026-09-03T12:05:45+00:00","dateModified":"2026-09-04T12:19:16+00:00","breadcrumb":{"@id":"https:\/\/affinity-ts.com\/news\/reducere-temporara-de-223-la-taxa-de-drum-din-olanda\/#breadcrumb"},"inLanguage":"ro-RO","potentialAction":[{"@type":"ReadAction","target":["https:\/\/affinity-ts.com\/news\/reducere-temporara-de-223-la-taxa-de-drum-din-olanda\/"]}]},{"@type":"ImageObject","inLanguage":"ro-RO","@id":"https:\/\/affinity-ts.com\/news\/reducere-temporara-de-223-la-taxa-de-drum-din-olanda\/#primaryimage","url":"https:\/\/affinity-ts.com\/wp-content\/uploads\/Affinity-TS_taxvv.png","contentUrl":"https:\/\/affinity-ts.com\/wp-content\/uploads\/Affinity-TS_taxvv.png","width":1200,"height":801},{"@type":"BreadcrumbList","@id":"https:\/\/affinity-ts.com\/news\/reducere-temporara-de-223-la-taxa-de-drum-din-olanda\/#breadcrumb","itemListElement":[{"@type":"ListItem","position":1,"name":"Home","item":"https:\/\/affinity-ts.com\/"},{"@type":"ListItem","position":2,"name":"News","item":"https:\/\/affinity-ts.com\/news\/"},{"@type":"ListItem","position":3,"name":"Reducere temporară de 22,3% la taxa de drum din Olanda"}]},{"@type":"WebSite","@id":"https:\/\/affinity-ts.com\/ro\/#website","url":"https:\/\/affinity-ts.com\/ro\/","name":"Affinity","description":"International freight forwarding company","publisher":{"@id":"https:\/\/affinity-ts.com\/ro\/#organization"},"potentialAction":[{"@type":"SearchAction","target":{"@type":"EntryPoint","urlTemplate":"https:\/\/affinity-ts.com\/ro\/?s={search_term_string}"},"query-input":{"@type":"PropertyValueSpecification","valueRequired":true,"valueName":"search_term_string"}}],"inLanguage":"ro-RO"},{"@type":"Organization","@id":"https:\/\/affinity-ts.com\/ro\/#organization","name":"Affinity","url":"https:\/\/affinity-ts.com\/ro\/","logo":{"@type":"ImageObject","inLanguage":"ro-RO","@id":"https:\/\/affinity-ts.com\/ro\/#\/schema\/logo\/image\/","url":"https:\/\/affinity-ts.com\/wp-content\/uploads\/logo-affinity-white.png","contentUrl":"https:\/\/affinity-ts.com\/wp-content\/uploads\/logo-affinity-white.png","width":526,"height":180,"caption":"Affinity"},"image":{"@id":"https:\/\/affinity-ts.com\/ro\/#\/schema\/logo\/image\/"}}]}</script>
<!-- / Yoast SEO plugin. -->

Reducere temporară de 22,3% la taxa de drum din Olanda - Affinity

Vă informăm că, în perioada&nbsp;01.09.2026 – 01.01.2027, beneficiați de o&nbsp;reducere temporară de 22,3%&nbsp;la noua taxă de drum pentru camioane din Olanda.&nbsp;(Reducerea se aplică automat) Reducerea este acordată de autoritatea olandeză RDW, în contextul prețurilor ridicate la combustibil. Pentru tarifele actuale, puteți consulta pagina oficială a sistemului&nbsp;Truck Toll.
